{"id":3303,"date":"2017-03-16T10:07:50","date_gmt":"2017-03-16T09:07:50","guid":{"rendered":"https:\/\/www.laressourcerie-bv.fr\/?page_id=3303"},"modified":"2026-02-13T12:17:39","modified_gmt":"2026-02-13T11:17:39","slug":"chiffre-br","status":"publish","type":"page","link":"https:\/\/www.laressourcerie-bv.fr\/?page_id=3303","title":{"rendered":"Les chiffres de 2025"},"content":{"rendered":"<h5><em><span style=\"color: #00a0eb\">En 2025, ce sont 205 tonnes d&rsquo;objets qui ont \u00e9vit\u00e9 l&rsquo;enfouissement ou la casse et qui ont donc \u00e9t\u00e9 r\u00e9employ\u00e9s ou recycl\u00e9es.<\/span><\/em><\/h5>\n<blockquote>\n<p style=\"text-align: justify\">L&rsquo;association adh\u00e8re au r\u00e9seau national des ressourceries auquel nous transmettons nos chiffres. Un observatoire est r\u00e9alis\u00e9 annuellement afin d&rsquo;analyser les quantit\u00e9s de d\u00e9chets \u00ab\u00a0d\u00e9tourn\u00e9s\u00a0\u00bb sur le territoire national par les 234 ressourceries adh\u00e9rentes<\/p>\n<h5 style=\"text-align: center\"><span style=\"color: #37a829\">Tout objet passant par la ressourcerie est pes\u00e9 !<\/span><\/h5>\n<\/blockquote>\n<h5><span style=\"color: #37a829\">\u00a0<\/span><\/h5>\n\n\n<figure class=\"wp-block-image size-large\"><a href=\"https:\/\/www.laressourcerie-bv.fr\/?p=21242\"><img data-recalc-dims=\"1\" loading=\"lazy\" decoding=\"async\" width=\"1024\" height=\"724\" data-attachment-id=\"21623\" data-permalink=\"https:\/\/www.laressourcerie-bv.fr\/?attachment_id=21623\" data-orig-file=\"https:\/\/i0.wp.com\/www.laressourcerie-bv.fr\/wp-content\/uploads\/2026\/02\/Noir-Jaune-et-Lavande-Moderne-Chiffres-Statistiques-dAgence-A4-.png?fit=2000%2C1414&amp;ssl=1\" data-orig-size=\"2000,1414\" data-comments-opened=\"0\" data-image-meta=\"{&quot;aperture&quot;:&quot;0&quot;,&quot;credit&quot;:&quot;&quot;,&quot;camera&quot;:&quot;&quot;,&quot;caption&quot;:&quot;&quot;,&quot;created_timestamp&quot;:&quot;0&quot;,&quot;copyright&quot;:&quot;&quot;,&quot;focal_length&quot;:&quot;0&quot;,&quot;iso&quot;:&quot;0&quot;,&quot;shutter_speed&quot;:&quot;0&quot;,&quot;title&quot;:&quot;&quot;,&quot;orientation&quot;:&quot;0&quot;}\" data-image-title=\"Noir Jaune et Lavande Moderne Chiffres Statistiques d&amp;rsquo;Agence A4\" data-image-description=\"\" data-image-caption=\"\" data-medium-file=\"https:\/\/i0.wp.com\/www.laressourcerie-bv.fr\/wp-content\/uploads\/2026\/02\/Noir-Jaune-et-Lavande-Moderne-Chiffres-Statistiques-dAgence-A4-.png?fit=300%2C212&amp;ssl=1\" data-large-file=\"https:\/\/i0.wp.com\/www.laressourcerie-bv.fr\/wp-content\/uploads\/2026\/02\/Noir-Jaune-et-Lavande-Moderne-Chiffres-Statistiques-dAgence-A4-.png?fit=1024%2C724&amp;ssl=1\" src=\"https:\/\/i0.wp.com\/www.laressourcerie-bv.fr\/wp-content\/uploads\/2026\/02\/Noir-Jaune-et-Lavande-Moderne-Chiffres-Statistiques-dAgence-A4-.png?resize=1024%2C724&#038;ssl=1\" alt=\"\" class=\"wp-image-21623\" srcset=\"https:\/\/i0.wp.com\/www.laressourcerie-bv.fr\/wp-content\/uploads\/2026\/02\/Noir-Jaune-et-Lavande-Moderne-Chiffres-Statistiques-dAgence-A4-.png?resize=1024%2C724&amp;ssl=1 1024w, https:\/\/i0.wp.com\/www.laressourcerie-bv.fr\/wp-content\/uploads\/2026\/02\/Noir-Jaune-et-Lavande-Moderne-Chiffres-Statistiques-dAgence-A4-.png?resize=300%2C212&amp;ssl=1 300w, https:\/\/i0.wp.com\/www.laressourcerie-bv.fr\/wp-content\/uploads\/2026\/02\/Noir-Jaune-et-Lavande-Moderne-Chiffres-Statistiques-dAgence-A4-.png?resize=768%2C543&amp;ssl=1 768w, https:\/\/i0.wp.com\/www.laressourcerie-bv.fr\/wp-content\/uploads\/2026\/02\/Noir-Jaune-et-Lavande-Moderne-Chiffres-Statistiques-dAgence-A4-.png?resize=1536%2C1086&amp;ssl=1 1536w, https:\/\/i0.wp.com\/www.laressourcerie-bv.fr\/wp-content\/uploads\/2026\/02\/Noir-Jaune-et-Lavande-Moderne-Chiffres-Statistiques-dAgence-A4-.png?w=2000&amp;ssl=1 2000w\" sizes=\"auto, (max-width: 1000px) 100vw, 1000px\" \/><\/a><\/figure>\n","protected":false},"excerpt":{"rendered":"<p>En 2025, ce sont 205 tonnes d&rsquo;objets qui ont \u00e9vit\u00e9 l&rsquo;enfouissement ou la casse et qui ont donc \u00e9t\u00e9 r\u00e9employ\u00e9s ou recycl\u00e9es. L&rsquo;association adh\u00e8re au r\u00e9seau national des ressourceries auquel nous transmettons nos chiffres. Un observatoire est r\u00e9alis\u00e9 annuellement afin &hellip; <a href=\"https:\/\/www.laressourcerie-bv.fr\/?page_id=3303\">Lire la suite\u00ad\u00ad<\/a><\/p>\n","protected":false},"author":4,"featured_media":0,"parent":0,"menu_order":0,"comment_status":"closed","ping_status":"closed","template":"","meta":{"kt_blocks_editor_width":"","jetpack_post_was_ever_published":false,"footnotes":""},"class_list":["post-3303","page","type-page","status-publish","hentry"],"jetpack_sharing_enabled":true,"jetpack_shortlink":"https:\/\/wp.me\/P4vcLL-Rh","_links":{"self":[{"href":"https:\/\/www.laressourcerie-bv.fr\/index.php?rest_route=\/wp\/v2\/pages\/3303","targetHints":{"allow":["GET"]}}],"collection":[{"href":"https:\/\/www.laressourcerie-bv.fr\/index.php?rest_route=\/wp\/v2\/pages"}],"about":[{"href":"https:\/\/www.laressourcerie-bv.fr\/index.php?rest_route=\/wp\/v2\/types\/page"}],"author":[{"embeddable":true,"href":"https:\/\/www.laressourcerie-bv.fr\/index.php?rest_route=\/wp\/v2\/users\/4"}],"replies":[{"embeddable":true,"href":"https:\/\/www.laressourcerie-bv.fr\/index.php?rest_route=%2Fwp%2Fv2%2Fcomments&post=3303"}],"version-history":[{"count":28,"href":"https:\/\/www.laressourcerie-bv.fr\/index.php?rest_route=\/wp\/v2\/pages\/3303\/revisions"}],"predecessor-version":[{"id":21624,"href":"https:\/\/www.laressourcerie-bv.fr\/index.php?rest_route=\/wp\/v2\/pages\/3303\/revisions\/21624"}],"wp:attachment":[{"href":"https:\/\/www.laressourcerie-bv.fr\/index.php?rest_route=%2Fwp%2Fv2%2Fmedia&parent=3303"}],"curies":[{"name":"wp","href":"https:\/\/api.w.org\/{rel}","templated":true}]}}