{"id":3072,"date":"2017-02-10T10:42:59","date_gmt":"2017-02-10T09:42:59","guid":{"rendered":"http:\/\/www.laressourcerie-bv.fr\/blog\/?page_id=3072"},"modified":"2026-02-13T14:58:11","modified_gmt":"2026-02-13T13:58:11","slug":"accueil-brouillon","status":"publish","type":"page","link":"https:\/\/www.laressourcerie-bv.fr\/","title":{"rendered":""},"content":{"rendered":"<h5 style=\"text-align: left\"><span style=\"color: #27a829\"><strong>La Ressourcerie de Bi\u00e8vre Valloire<\/strong><\/span> propose de collecter tous types de produits au domicile des particuliers,<br \/>\ndes entreprises ou des collectivit\u00e9s locales afin de limiter l&rsquo;enfouissement des d\u00e9chets sur notre territoire de Bi\u00e8vre Valloire.<\/h5>\n<h4 style=\"text-align: center\"><strong>Ouverture du magasin<\/strong><\/h4>\n<h4 style=\"text-align: center\">les mercredis et les vendredis\u00a0 : 9h-12h30 et 13h30-16h30,<\/h4>\n<h4 style=\"text-align: center\">les samedis: 10h-16h30<\/h4>\n<p style=\"text-align: center\"><strong>\u00e0 Saint-Pierre de Bressieux (38)<\/strong><\/p>\n<p style=\"text-align: center\"><strong>Vous pouvez nous joindre par t\u00e9l\u00e9phone du mercredi 8h au samedi 17h au 04 27 69 00 62<\/strong><\/p>\n<p style=\"text-align: center\"><strong>Ouverture du magasin de Beaurepaire<\/strong><br \/>\ndu mardi au vendredi : 8h45-12h et 14h30-18h30,<br \/>\nles samedis: 8h45-12h15<\/p>\n<h4 style=\"text-align: center\"><strong>Nous sommes \u00e0 votre disposition pour accueillir vos dons du mercredi au samedi, de 9h \u00e0 12h30 puis de 13h30 \u00e0 16h30<\/strong><\/h4>\n<p style=\"text-align: center\"><a href=\"http:\/\/www.ressourcerie.fr\/\" target=\"_blank\" rel=\"noopener\">La Ressourcerie de Bi\u00e8vre Valloire est adh\u00e9rente au r\u00e9seau national des Ressourceries<\/a><\/p>\n","protected":false},"excerpt":{"rendered":"<p>La Ressourcerie de Bi\u00e8vre Valloire propose de collecter tous types de produits au domicile des particuliers, des entreprises ou des collectivit\u00e9s locales afin de limiter l&rsquo;enfouissement des d\u00e9chets sur notre territoire de Bi\u00e8vre Valloire. Ouverture du magasin les mercredis et &hellip; <a href=\"https:\/\/www.laressourcerie-bv.fr\/\">Lire la suite\u00ad\u00ad<\/a><\/p>\n","protected":false},"author":4,"featured_media":0,"parent":0,"menu_order":0,"comment_status":"closed","ping_status":"closed","template":"","meta":{"kt_blocks_editor_width":"","jetpack_post_was_ever_published":false,"footnotes":""},"class_list":["post-3072","page","type-page","status-publish","hentry"],"jetpack_sharing_enabled":true,"jetpack_shortlink":"https:\/\/wp.me\/P4vcLL-Ny","_links":{"self":[{"href":"https:\/\/www.laressourcerie-bv.fr\/index.php?rest_route=\/wp\/v2\/pages\/3072","targetHints":{"allow":["GET"]}}],"collection":[{"href":"https:\/\/www.laressourcerie-bv.fr\/index.php?rest_route=\/wp\/v2\/pages"}],"about":[{"href":"https:\/\/www.laressourcerie-bv.fr\/index.php?rest_route=\/wp\/v2\/types\/page"}],"author":[{"embeddable":true,"href":"https:\/\/www.laressourcerie-bv.fr\/index.php?rest_route=\/wp\/v2\/users\/4"}],"replies":[{"embeddable":true,"href":"https:\/\/www.laressourcerie-bv.fr\/index.php?rest_route=%2Fwp%2Fv2%2Fcomments&post=3072"}],"version-history":[{"count":17,"href":"https:\/\/www.laressourcerie-bv.fr\/index.php?rest_route=\/wp\/v2\/pages\/3072\/revisions"}],"predecessor-version":[{"id":21660,"href":"https:\/\/www.laressourcerie-bv.fr\/index.php?rest_route=\/wp\/v2\/pages\/3072\/revisions\/21660"}],"wp:attachment":[{"href":"https:\/\/www.laressourcerie-bv.fr\/index.php?rest_route=%2Fwp%2Fv2%2Fmedia&parent=3072"}],"curies":[{"name":"wp","href":"https:\/\/api.w.org\/{rel}","templated":true}]}}